{"id":254,"date":"2025-03-25T10:45:37","date_gmt":"2025-03-25T10:45:37","guid":{"rendered":"https:\/\/dreamtechburkina.com\/FSGI\/?page_id=254"},"modified":"2025-03-28T12:27:30","modified_gmt":"2025-03-28T12:27:30","slug":"villes-et-communautes-durables","status":"publish","type":"page","link":"https:\/\/fsgifoundation.org\/index.php\/villes-et-communautes-durables\/","title":{"rendered":"Villes et communaut\u00e9s durables"},"content":{"rendered":"\t\t<div data-elementor-type=\"wp-page\" data-elementor-id=\"254\" class=\"elementor elementor-254\">\n\t\t\t\t\t\t<section class=\"elementor-section elementor-top-section elementor-element elementor-element-1b4b68dc elementor-section-height-min-height elementor-section-boxed elementor-section-height-default elementor-section-items-middle\" data-id=\"1b4b68dc\" data-element_type=\"section\" data-settings=\"{&quot;background_background&quot;:&quot;classic&quot;}\">\n\t\t\t\t\t\t\t<div class=\"elementor-background-overlay\"><\/div>\n\t\t\t\t\t\t\t<div class=\"elementor-container elementor-column-gap-default\">\n\t\t\t\t\t<div class=\"elementor-column elementor-col-100 elementor-top-column elementor-element elementor-element-5b10a15a\" data-id=\"5b10a15a\" data-element_type=\"column\">\n\t\t\t<div class=\"elementor-widget-wrap elementor-element-populated\">\n\t\t\t\t\t\t<div class=\"elementor-element elementor-element-6d98de93 elementor-invisible elementor-widget elementor-widget-heading\" data-id=\"6d98de93\" data-element_type=\"widget\" data-settings=\"{&quot;_animation&quot;:&quot;fadeInUp&quot;}\" data-widget_type=\"heading.default\">\n\t\t\t\t<div class=\"elementor-widget-container\">\n\t\t\t\t\t<h1 class=\"elementor-heading-title elementor-size-default\">Villes et communaut\u00e9s durables<\/h1>\t\t\t\t<\/div>\n\t\t\t\t<\/div>\n\t\t\t\t\t<\/div>\n\t\t<\/div>\n\t\t\t\t\t<\/div>\n\t\t<\/section>\n\t\t\t\t<section class=\"elementor-section elementor-top-section elementor-element elementor-element-2972f414 elementor-section-boxed elementor-section-height-default elementor-section-height-default\" data-id=\"2972f414\" data-element_type=\"section\">\n\t\t\t\t\t\t<div class=\"elementor-container elementor-column-gap-default\">\n\t\t\t\t\t<div class=\"elementor-column elementor-col-100 elementor-top-column elementor-element elementor-element-4b19a4d9\" data-id=\"4b19a4d9\" data-element_type=\"column\">\n\t\t\t<div class=\"elementor-widget-wrap elementor-element-populated\">\n\t\t\t\t\t\t<section class=\"elementor-section elementor-inner-section elementor-element elementor-element-5209d43c elementor-section-boxed elementor-section-height-default elementor-section-height-default\" data-id=\"5209d43c\" data-element_type=\"section\">\n\t\t\t\t\t\t<div class=\"elementor-container elementor-column-gap-default\">\n\t\t\t\t\t<div class=\"elementor-column elementor-col-100 elementor-inner-column elementor-element elementor-element-70f35bc4\" data-id=\"70f35bc4\" data-element_type=\"column\">\n\t\t\t<div class=\"elementor-widget-wrap elementor-element-populated\">\n\t\t\t\t\t\t<div class=\"elementor-element elementor-element-5cfd0697 elementor-widget elementor-widget-heading\" data-id=\"5cfd0697\" data-element_type=\"widget\" data-widget_type=\"heading.default\">\n\t\t\t\t<div class=\"elementor-widget-container\">\n\t\t\t\t\t<h3 class=\"elementor-heading-title elementor-size-default\">Promouvoir des solutions \u00e9cologiques et renforcer la r\u00e9silience des villes et des communaut\u00e9s.<\/h3>\t\t\t\t<\/div>\n\t\t\t\t<\/div>\n\t\t<div class=\"elementor-element elementor-element-64b7bcb0 e-flex e-con-boxed e-con e-parent\" data-id=\"64b7bcb0\" data-element_type=\"container\" data-settings=\"{&quot;background_background&quot;:&quot;slideshow&quot;,&quot;background_slideshow_gallery&quot;:[{&quot;id&quot;:258,&quot;url&quot;:&quot;https:\\\/\\\/fsgifoundation.org\\\/wp-content\\\/uploads\\\/2025\\\/03\\\/388.jpg&quot;},{&quot;id&quot;:259,&quot;url&quot;:&quot;https:\\\/\\\/fsgifoundation.org\\\/wp-content\\\/uploads\\\/2025\\\/03\\\/70284.jpg&quot;},{&quot;id&quot;:24,&quot;url&quot;:&quot;https:\\\/\\\/fsgifoundation.org\\\/wp-content\\\/uploads\\\/2025\\\/02\\\/2148931093.jpg&quot;}],&quot;background_slideshow_ken_burns&quot;:&quot;yes&quot;,&quot;background_slideshow_loop&quot;:&quot;yes&quot;,&quot;background_slideshow_slide_duration&quot;:5000,&quot;background_slideshow_slide_transition&quot;:&quot;fade&quot;,&quot;background_slideshow_transition_duration&quot;:500,&quot;background_slideshow_ken_burns_zoom_direction&quot;:&quot;in&quot;}\">\n\t\t\t\t\t<div class=\"e-con-inner\">\n\t\t\t\t<div class=\"elementor-element elementor-element-7a558a8b elementor-widget elementor-widget-spacer\" data-id=\"7a558a8b\" data-element_type=\"widget\" data-widget_type=\"spacer.default\">\n\t\t\t\t<div class=\"elementor-widget-container\">\n\t\t\t\t\t\t\t<div class=\"elementor-spacer\">\n\t\t\t<div class=\"elementor-spacer-inner\"><\/div>\n\t\t<\/div>\n\t\t\t\t\t\t<\/div>\n\t\t\t\t<\/div>\n\t\t\t\t\t<\/div>\n\t\t\t\t<\/div>\n\t\t<div class=\"elementor-element elementor-element-17ce10a e-flex e-con-boxed e-con e-parent\" data-id=\"17ce10a\" data-element_type=\"container\" data-settings=\"{&quot;background_background&quot;:&quot;slideshow&quot;,&quot;background_slideshow_ken_burns&quot;:&quot;yes&quot;,&quot;background_slideshow_gallery&quot;:[],&quot;background_slideshow_loop&quot;:&quot;yes&quot;,&quot;background_slideshow_slide_duration&quot;:5000,&quot;background_slideshow_slide_transition&quot;:&quot;fade&quot;,&quot;background_slideshow_transition_duration&quot;:500,&quot;background_slideshow_ken_burns_zoom_direction&quot;:&quot;in&quot;}\">\n\t\t\t\t\t<div class=\"e-con-inner\">\n\t\t\t\t<div class=\"elementor-element elementor-element-0072f59 elementor-widget elementor-widget-spacer\" data-id=\"0072f59\" data-element_type=\"widget\" data-widget_type=\"spacer.default\">\n\t\t\t\t<div class=\"elementor-widget-container\">\n\t\t\t\t\t\t\t<div class=\"elementor-spacer\">\n\t\t\t<div class=\"elementor-spacer-inner\"><\/div>\n\t\t<\/div>\n\t\t\t\t\t\t<\/div>\n\t\t\t\t<\/div>\n\t\t\t\t<div class=\"elementor-element elementor-element-03ec36f elementor-widget elementor-widget-text-editor\" data-id=\"03ec36f\" data-element_type=\"widget\" data-widget_type=\"text-editor.default\">\n\t\t\t\t<div class=\"elementor-widget-container\">\n\t\t\t\t\t\t\t\t\t<p>Fabrice Simpore Global Initiatives (FSGI)\u00a0a \u00e0 coeur le d\u00e9veloppement de villes inclusives, \u00e9cologiques et \u00e9conomiquement dynamiques afin d\u2019am\u00e9liorer durablement les conditions de vie des populations et de b\u00e2tir des communaut\u00e9s r\u00e9silientes.<\/p><ul><li>\u25cfPromouvoir les projets de reboisement et de pr\u00e9servation des espaces naturels pour lutter contre la d\u00e9sertification et renforcer la biodiversit\u00e9;<br \/>\u25cfSensibiliser les populations \u00e0 l\u2019\u00e9co-citoyennet\u00e9 et aux pratiques durables pour encourager la r\u00e9duction des d\u00e9chets et une gestion plus responsable des ressources;<br \/>\u25cfFavoriser l\u2019acc\u00e8s \u00e0 la culture et au sport pour renforcer les liens sociaux et l\u2019identit\u00e9 r\u00e9gionale;<br \/>\u25cfMettre en place des programmes de recyclage et de valorisation des d\u00e9chets pour limiter la pollution et cr\u00e9er des opportunit\u00e9s \u00e9conomiques.<\/li><\/ul>\t\t\t\t\t\t\t\t<\/div>\n\t\t\t\t<\/div>\n\t\t\t\t\t<\/div>\n\t\t\t\t<\/div>\n\t\t\t\t\t<\/div>\n\t\t<\/div>\n\t\t\t\t\t<\/div>\n\t\t<\/section>\n\t\t\t\t\t<\/div>\n\t\t<\/div>\n\t\t\t\t\t<\/div>\n\t\t<\/section>\n\t\t\t\t<\/div>\n\t\t","protected":false},"excerpt":{"rendered":"<p>Promouvoir des solutions \u00e9cologiques et renforcer la r\u00e9silience des villes et des communaut\u00e9s. Fabrice Simpore Global Initiatives (FSGI)\u00a0a \u00e0 coeur le d\u00e9veloppement de villes inclusives, \u00e9cologiques et \u00e9conomiquement dynamiques afin d\u2019am\u00e9liorer durablement les conditions de vie des populations et de b\u00e2tir des communaut\u00e9s r\u00e9silientes. \u25cfPromouvoir les projets de reboisement et de pr\u00e9servation des espaces naturels [&hellip;]<\/p>\n","protected":false},"author":1,"featured_media":0,"parent":0,"menu_order":0,"comment_status":"closed","ping_status":"closed","template":"","meta":{"_joinchat":[],"footnotes":""},"class_list":["post-254","page","type-page","status-publish","hentry"],"_links":{"self":[{"href":"https:\/\/fsgifoundation.org\/index.php\/wp-json\/wp\/v2\/pages\/254","targetHints":{"allow":["GET"]}}],"collection":[{"href":"https:\/\/fsgifoundation.org\/index.php\/wp-json\/wp\/v2\/pages"}],"about":[{"href":"https:\/\/fsgifoundation.org\/index.php\/wp-json\/wp\/v2\/types\/page"}],"author":[{"embeddable":true,"href":"https:\/\/fsgifoundation.org\/index.php\/wp-json\/wp\/v2\/users\/1"}],"replies":[{"embeddable":true,"href":"https:\/\/fsgifoundation.org\/index.php\/wp-json\/wp\/v2\/comments?post=254"}],"version-history":[{"count":13,"href":"https:\/\/fsgifoundation.org\/index.php\/wp-json\/wp\/v2\/pages\/254\/revisions"}],"predecessor-version":[{"id":306,"href":"https:\/\/fsgifoundation.org\/index.php\/wp-json\/wp\/v2\/pages\/254\/revisions\/306"}],"wp:attachment":[{"href":"https:\/\/fsgifoundation.org\/index.php\/wp-json\/wp\/v2\/media?parent=254"}],"curies":[{"name":"wp","href":"https:\/\/api.w.org\/{rel}","templated":true}]}}